/(-42). Calculate the highest common divisor of l and y.
21
Let f(a) = a**3 - 39004 - 9*a**2 + 39004 + 4*a. Suppose 2*t - i + 6*i - 43 = 0, 2*t + 2*i = 28. Let s be f(t). What is the greatest common divisor of s and 90?
18
Suppose 23*a - 768 = 15*a. What is the greatest common factor of 224 and a?
32
Suppose -2*t + 7 + 77 = 0. Suppose -44 = -3*s + 19. What is the highest common factor of t and s?
21
Let h = -1928 + 2090. Calculate the highest common divisor of h and 45.
9
Let k = -1511 + 1555. Let m be 2/(-1) - (-8 - 5). Calculate the greatest common factor of k and m.
11
Suppose 5*y - 37 = 5*t - 202, 0 = 4*y - 12. Let o be (-4)/(-14) + (-33)/(-7). Suppose -2*h + o*h = 27. Calculate the highest common divisor of h and t.
9
Suppose 5*k - 83 + 3 = 0. Suppose -6*b + r = -b - 725, -3*b - r = -427. Suppose 11*n = 2*n + b. What is the greatest common divisor of k and n?
16
Let z = 27 - 24. Suppose 84 = 4*m - d, z*d = 2*m + 2*m - 92. Let y be 4/16 - (-755)/m. Calculate the highest common divisor of 95 and y.
19
Let s be -100*12*5/(-40). Calculate the greatest common divisor of s and 190.
10
Let r(j) = 16*j - 1. Let l be r(1). Let u(x) = -5*x + 490. Let o be u(74). What is the highest common factor of l and o?
15
Let g(c) = c**2 - 10*c - 4. Let d be g(8). Let k be (-73)/(-4) - 15/d. Calculate the greatest common divisor of 76 and k.
19
Let i(y) = -y**3 + 8*y**2 + 30*y - 40. Let f be i(10). Calculate the greatest common factor of f and 84.
12
Let f be 3/5 - (-2)/5. Let u be (-23)/(-1) - (-5 + f). What is the highest common divisor of u and 3?
3
Suppose 14*k - 2366 - 13678 = 0. Suppose 5*v + 5*i - 1435 = 0, -2*i + k = 4*v - 0*i. Calculate the greatest common factor of v and 26.
26
Suppose -4*k = -41 + 1. Let h(b) = 4*b**3 + 2*b**2. Let j(z) = z**2 + 9*z - 8. Let y be j(-10). Let r be h(y). Calculate the highest common divisor of r and k.
10
Suppose 3*f - 2 = s + 4, 0 = 4*f + 2*s - 18. Suppose 33 = 3*t + 2*d - f*d, -t = 3*d - 1. Calculate the highest common divisor of 2 and t.
2
Let r(v) = v**3 + 6*v**2 - 2*v - 8. Let y be r(-6). Calculate the greatest common divisor of 28 and y.
4
Suppose -6 = -2*u + 2. Let f(t) = -t**2 - 7*t + 15. Let i be f(-7). Let v = 27 - i. What is the greatest common divisor of v and u?
4
Let o = -9 + -2. Let y be 500/18 + o/((-297)/6). Calculate the greatest common divisor of y and 70.
14
Suppose 759 = 2*p - 89. Calculate the highest common factor of 8 and p.
8
Let i(t) = t**3 - 7*t**2 - 11*t + 2. Let y be i(8). Let z = y + 28. Calculate the highest common factor of 54 and z.
6
Let b(x) = -132*x. Let v be b(-1). Suppose 0*u - u = 0. Suppose u = -3*z + 26 + 10. Calculate the highest common divisor of v and z.
12
Let d(v) = 4*v**2 - 18*v + 39. Let y be d(16). What is the highest common factor of 62 and y?
31
Let y be -5 + 5/1 + 10. What is the greatest common divisor of y and 420?
10
Suppose 4*b = -2*u + 34, 3*u + 0*b + b = 66. Let s be (1 + u/1)/1. Calculate the greatest common factor of 12 and s.
12
Let o = 1254 + -1049. Calculate the greatest common divisor of 697 and o.
41
Suppose -k - 5*p = -36, 0*k + 184 = 3*k - 4*p. What is the highest common divisor of 6 and k?
2
Let g = -7 + 11. Let i be (g/5)/((-5)/(-100)). Let r(d) = d + 14. Let q be r(-12). Calculate the highest common factor of i and q.
2
Suppose 121 + 26 = w + 3*f, 4*f = 3*w - 389. Calculate the greatest common divisor of w and 30.
15
Let i be (-6 - -11) + 1/(1/28). Calculate the highest common factor of i and 187.
11
Suppose -56*r = -32*r - 7056. Calculate the highest common factor of r and 6.
6
Let v = 64 + -32. Suppose -10*n - v = -632. Calculate the highest common factor of n and 20.
20
Suppose 2*i - q - 14 = 3*i, -2*i + 2*q = 20. Let x be 25*(42/15 + -2). Let z = i + x. What is the highest common factor of z and 72?
8
Let n(j) = 25*j**2 + 2*j + 120. Let d be n(0). Suppose 10 = v - z, 4*v - 2*z - 45 = z. Calculate the highest common divisor of v and d.
15
Suppose -8*x + 472 = -0*x. Suppose 4*b - x = -23. What is the highest common divisor of 144 and b?
9
Let w = 210 - 90. Suppose -2*m + w = -0*m. Suppose m = 2*s + 10. What is the greatest common factor of s and 5?
5
Suppose -2*a + 3*w + 72 = -0*a, -180 = -4*a - 3*w. Let j = -11 - -17. What is the highest common factor of j and a?
6
Let f(l) = l + 70. Let k be f(-35). Calculate the greatest common factor of 140 and k.
35
Let v(p) = -9*p + 26. Let f(u) = -2*u - 1. Let c(o) = -2*f(o) + v(o). Let l be c(-8). Calculate the greatest common divisor of l and 17.
17
Suppose 33 = 2*w - 5*d - 21, -5*w + 4*d = -118. Calculate the highest common divisor of 143 and w.
11
Let d = 5 - 6. Let l be d + 69/3 + 1. Suppose 3*p - 460 = -2*p. What is the highest common factor of p and l?
23
Let q = 72 - 43. What is the highest common factor of 406 and q?
29
Let c = 13 - 13. Suppose c = -13*b + 9*b. Suppose 17*d - 20*d + 243 = b. Calculate the highest common divisor of d and 27.
27
Let w = 109 - 101. Suppose -4*s = -0*s - 3*x - 503, 5*x - 271 = -2*s. Suppose s = o + o. Calculate the greatest common divisor of o and w.
8
Suppose 162 - 6 = 13*h. Calculate the highest common divisor of 318 and h.
6
Let t(r) = 6*r**3 - 6*r**2 + 4*r + 6. Let b be t(4). Calculate the highest common divisor of b and 31.
31
Let k(a) = 6*a + 39. Let p(q) = -13*q - 78. Let h(l) = 7*k(l) + 3*p(l). Let r be h(0). Calculate the highest common divisor of r and 65.
13
Let j(g) = 13*g + 55. Let n be j(0). What is the greatest common factor of 33 and n?
11
Let n(p) = p**3 - 10*p**2 + 2*p - 18. Let x be n(10). Let c be (-15)/(-6)*(-318)/(-15). Suppose c = 5*y - x. Calculate the greatest common factor of y and 55.
11
Let f(l) = 169*l - 68. Let z be f(1). Calculate the greatest common factor of 1717 and z.
101
Let p(c) = -c**3 + 5*c**2 + 4*c - 8. Let s be (1 + 0)/(2 + (-10)/6). Let t be p(s). Calculate the greatest common divisor of 66 and t.
22
Let d be (-4)/12*-2*6/2. Suppose -n + 2*a + 30 = -180, d*n + 2*a = 390. Let w(j) = -21*j - 1. Let m be w(-1). What is the highest common factor of m and n?
20
Let j(s) = 13*s - 9. Suppose 0 = -2*f - 4*x + 24, -2*f + 20 = f - 2*x. Let d be j(f). Calculate the greatest common divisor of d and 19.
19
Let p(b) = -b - 49. Let g(r) = -49. Let n(t) = -4*g(t) + 6*p(t). Let l be n(-24). Calculate the highest common factor of 322 and l.
46
Let d be ((-135)/21 + 5)/(2/(-14)). Calculate the greatest common divisor of d and 5.
5
Suppose 7*h - 835 = -751. Calculate the greatest common factor of 324 and h.
12
Let v = -27 + 30. What is the highest common divisor of 42 and v?
3
Let q(z) = -z**2 + 2*z - 29. Let t be q(0). Let i = t + 34. Calculate the greatest common factor of 55 and i.
5
Suppose 8*j = 18 + 14. Let r be ((-7)/2)/(j/(-136)). Calculate the greatest common factor of r and 17.
17
Suppose 3*g + 3*w - 39 = 0, -3*g = -4*g - 5*w + 29. Let m(u) = u**3 - 8*u**2 - 9*u + 12. Let r be m(g). What is the highest common factor of 36 and r?
12
Suppose -2*m = 10, 66 = j - 0*m - 4*m. Calculate the greatest common factor of 368 and j.
46
Let u(d) = 19*d**2 + 0 + 3*d**2 - 2 + 5*d**2. Let l be u(1). What is the highest common factor of 50 and l?
25
Suppose 13 = -5*p + 48. Suppose 14 + p = -3*f. Let k be 42/(-9)*18/f. What is the greatest common divisor of k and 96?
12
Let c = -76 - -82. Suppose m - 25 = -4*m. Suppose m*z - 284 = -74. What is the highest common factor of c and z?
6
Let n(j) = -3*j + 16. Let z(d) = -2*d + 17. Let i(a) = 4*n(a) - 3*z(a). Let w be i(10). Let f = -30 - w. Calculate the highest common factor of f and 153.
17
Suppose 1 = -u - 2, -4*r + 2*u = -306. Let b be -11*1/2*(0 - 2). Let a(v) = v**2 - 11*v + 25. Let g be a(b). What is the highest common factor of r and g?
25
Let n be 38 - 1 - 1/1. Suppose 4*i - n = -0*i. Suppose 0 = -8*k + 5*k, s + 6*k - 3 = 0. What is the greatest common divisor of s and i?
3
Let l = 1298 - 1293. What is the greatest common divisor of 215 and l?
5
Let j(q) = -q**3 + 27*q**2 - 19*q - 80. Let d be j(26). Calculate the greatest common divisor of 136 and d.
34
Suppose -26*b + 25*b - 20 = -5*z, 5*z - 20 = 4*b. Calculate the greatest common factor of z and 68.
4
Let p = 3 - 6. Let r be 53 - (3/p + 4). Let c(g) = -g**3 - 5*g**2 - g + 5. Let z be c(-5). What is the highest common factor of r and z?
10
Let l